{"id":69,"date":"2018-02-01T23:21:36","date_gmt":"2018-02-02T02:21:36","guid":{"rendered":"https:\/\/kavnet.com.ar\/wp2\/?page_id=69"},"modified":"2021-01-26T00:19:12","modified_gmt":"2021-01-26T03:19:12","slug":"nuestros-servicios","status":"publish","type":"page","link":"https:\/\/kavnet.com.ar\/wp2\/nuestros-servicios\/","title":{"rendered":"Nuestros Servicios"},"content":{"rendered":"<p><strong>La propuesta de nuestra empresa es ofrecer un amplio abanico de tecnolog\u00edas para lograr una mejor sinergia de recursos, adaptando la soluci\u00f3n a sus necesidades. A continuaci\u00f3n le proporcionamos un listado:<\/strong><\/p>\n<style>\ntable, th, td {<br \/>\n  border: 1px solid black;<br \/>\n}<br \/>\n<\/style>\n<table style=\"width: 964px; height: 660px;\">\n<tbody>\n<tr>\n<th rowspan=\"9\"><span style=\"color: #008080;\">Infraestructura<\/span><\/th>\n<td><strong>&nbsp; Virtualizaci\u00f3n<\/strong><\/td>\n<\/tr>\n<tr>\n<td><strong>&nbsp; VPS (Servidor Virtual Privado)<\/strong><\/td>\n<\/tr>\n<tr>\n<td><strong>&nbsp; Backups de informaci\u00f3n y de Servidores<\/strong><\/td>\n<\/tr>\n<tr>\n<td><strong>&nbsp; Implementaciones de Active Directory<\/strong><\/td>\n<\/tr>\n<tr>\n<td><strong>&nbsp; Consultoria y Asesoramiento<\/strong><\/td>\n<\/tr>\n<tr>\n<td><strong>&nbsp; Tecnolog\u00edas de Nube con Office 365 o Google Apps<\/strong><\/td>\n<\/tr>\n<tr>\n<td><strong>&nbsp; Nube P\u00fablica + Privada<\/strong><\/td>\n<\/tr>\n<tr>\n<td><strong>&nbsp; Implementaciones de Soluciones de Antivirus<\/strong><\/td>\n<\/tr>\n<tr>\n<td><\/td>\n<\/tr>\n<tr>\n<th rowspan=\"9\"><span style=\"color: #008080;\">Networking<\/span><\/th>\n<td><strong>&nbsp; Cableado Estructurado<\/strong><\/td>\n<\/tr>\n<tr>\n<td><strong>&nbsp; Switching<\/strong><\/td>\n<\/tr>\n<tr>\n<td><strong>&nbsp; Routing<\/strong><\/td>\n<\/tr>\n<tr>\n<td><strong>&nbsp; Firewall<\/strong><\/td>\n<\/tr>\n<tr>\n<td><strong>&nbsp; VPNs<\/strong><\/td>\n<\/tr>\n<tr>\n<td><strong>&nbsp; Proxy<\/strong><\/td>\n<\/tr>\n<tr>\n<td><strong>&nbsp; Redes Wifi<\/strong><\/td>\n<\/tr>\n<tr>\n<td><strong>&nbsp; Seguridad de Redes<\/strong><\/td>\n<\/tr>\n<tr>\n<td><\/td>\n<\/tr>\n<tr>\n<th rowspan=\"4\"><span style=\"color: #008080;\">Comunicaciones<\/span><\/th>\n<td><strong>&nbsp; Central Virtual<\/strong><\/td>\n<\/tr>\n<tr>\n<td><strong>&nbsp; Comunicaciones entre Sucursales<\/strong><\/td>\n<\/tr>\n<tr>\n<td><strong>&nbsp; Telefon\u00eda IP<\/strong><\/td>\n<\/tr>\n<tr>\n<td><\/td>\n<\/tr>\n<tr>\n<th rowspan=\"4\"><span style=\"color: #008080;\">RR.HH<\/span><\/th>\n<td><strong>&nbsp; Capacitaciones<\/strong><\/td>\n<\/tr>\n<tr>\n<td><strong>&nbsp; Coaching de Grupos de Trabajo<\/strong><\/td>\n<\/tr>\n<tr>\n<td><strong>&nbsp; Consultor\u00eda Organizacional<\/strong><\/td>\n<\/tr>\n<tr>\n<td><\/td>\n<\/tr>\n<\/tbody>\n<\/table>\n","protected":false},"excerpt":{"rendered":"<p>La propuesta de nuestra empresa es ofrecer un amplio abanico de tecnolog\u00edas para lograr una mejor sinergia de recursos, adaptando la soluci\u00f3n a sus necesidades. A continuaci\u00f3n le proporcionamos un listado: Infraestructura &nbsp; Virtualizaci\u00f3n &nbsp; VPS (Servidor Virtual Privado) &nbsp; Backups de informaci\u00f3n y de Servidores &nbsp; Implementaciones de Active Directory &nbsp; Consultoria y Asesoramiento<span class=\"post-excerpt-end\">&hellip;<\/span><\/p>\n<p class=\"more-link\"><a href=\"https:\/\/kavnet.com.ar\/wp2\/nuestros-servicios\/\" class=\"themebutton\">Leer m\u00e1s<\/a><\/p>\n","protected":false},"author":1,"featured_media":45,"parent":0,"menu_order":0,"comment_status":"closed","ping_status":"closed","template":"","meta":{"footnotes":""},"class_list":["post-69","page","type-page","status-publish","has-post-thumbnail","hentry"],"_links":{"self":[{"href":"https:\/\/kavnet.com.ar\/wp2\/wp-json\/wp\/v2\/pages\/69","targetHints":{"allow":["GET"]}}],"collection":[{"href":"https:\/\/kavnet.com.ar\/wp2\/wp-json\/wp\/v2\/pages"}],"about":[{"href":"https:\/\/kavnet.com.ar\/wp2\/wp-json\/wp\/v2\/types\/page"}],"author":[{"embeddable":true,"href":"https:\/\/kavnet.com.ar\/wp2\/wp-json\/wp\/v2\/users\/1"}],"replies":[{"embeddable":true,"href":"https:\/\/kavnet.com.ar\/wp2\/wp-json\/wp\/v2\/comments?post=69"}],"version-history":[{"count":25,"href":"https:\/\/kavnet.com.ar\/wp2\/wp-json\/wp\/v2\/pages\/69\/revisions"}],"predecessor-version":[{"id":136,"href":"https:\/\/kavnet.com.ar\/wp2\/wp-json\/wp\/v2\/pages\/69\/revisions\/136"}],"wp:featuredmedia":[{"embeddable":true,"href":"https:\/\/kavnet.com.ar\/wp2\/wp-json\/wp\/v2\/media\/45"}],"wp:attachment":[{"href":"https:\/\/kavnet.com.ar\/wp2\/wp-json\/wp\/v2\/media?parent=69"}],"curies":[{"name":"wp","href":"https:\/\/api.w.org\/{rel}","templated":true}]}}